*l + 10880. Calculate a(-69).
116
Let l(o) = -1859*o**2 + 122696*o - 138. Give l(66).
-6
Let t(f) = 848*f + 35042. Determine t(-43).
-1422
Let b(x) = 17*x - 68. Determine b(10).
102
Let l(s) = -1398590*s - 2797201. Give l(-2).
-21
Let p(k) = -k**3 + 7*k**2 + 31*k - 141. Give p(4).
31
Let m(a) = -7*a**3 - 177*a**2 - 54*a - 126. Determine m(-25).
-26
Let w(f) = f**3 - 120*f**2 - 19*f + 2214. What is w(120)?
-66
Let a(t) = -87*t + 3411. Determine a(47).
-678
Let s(b) = -2*b**3 - 210*b**2 + 254*b + 4459. Determine s(-106).
7
Let i(b) = -1427409*b + 9991857. Give i(7).
-6
Let c(h) = -20*h + 2734. What is c(93)?
874
Let q(t) = -233*t + 2922. Calculate q(14).
-340
Let s(v) = -v**3 - 31*v**2 - 313*v - 2192. Determine s(-21).
-29
Let a(b) = b**2 - 110*b - 7739. Determine a(-49).
52
Let p(s) = s**3 + 118*s**2 + 538*s + 323. What is p(-4)?
-5
Let t(o) = -o**3 - 74*o**2 + 3036*o + 5002. Give t(-103).
-45
Let x(i) = 166*i**3 - 3163*i**2 + 169*i + 29. Determine x(19).
-9
Let s(m) = -23545*m - 3578918. What is s(-152)?
-78
Let y(s) = -262*s - 89822. What is y(-341)?
-480
Let r(v) = -7*v**3 - 33*v**2 + 34*v - 157. What is r(4)?
-997
Let j(p) = -137*p + 11637. What is j(91)?
-830
Let x(r) = r**3 - 9*r**2 + 3*r + 24. Calculate x(8).
-16
Let b(f) = 33423*f + 735269. Determine b(-22).
-37
Let l(r) = -3*r**2 - 9863*r + 98755. Give l(10).
-175
Let r(v) = 3*v**2 - 1183*v + 103039. Determine r(130).
-51
Let r(i) = i**3 + 21*i**2 - 174*i + 564. Give r(-28).
-52
Let q(v) = -6508*v + 19591. What is q(3)?
67
Let v(g) = 2*g**2 + 494035*g + 2964163. Determine v(-6).
25
Let d(m) = -11*m**2 + 1185*m - 6043. Calculate d(5).
-393
Let r(o) = -901*o + 51982. Give r(58).
-276
Let h(u) = 635*u - 7475. What is h(12)?
145
Let b(t) = -13*t**3 + 305*t**2 - 691*t + 178. Calculate b(21).
-221
Let r(c) = -2*c**3 + 364*c**2 - 132*c + 91119. Calculate r(183).
-15
Let j(y) = 3*y**3 - 103*y**2 + 807*y + 44. Give j(12).
80
Let y(p) = 165558*p - 1490032. What is y(9)?
-10
Let c(t) = -t**3 + 705*t**2 + 5085*t + 699. Calculate c(-7).
-8
Let p(w) = -1666*w - 103268. Determine p(-62).
24
Let r(y) = -1803*y + 1521730. Give r(844).
-2
Let k(r) = r**3 - 69*r**2 + 138*r + 1402. Give k(67).
1670
Let k(c) = -c**3 + 100*c**2 + 417*c - 799. What is k(104)?
-695
Let q(a) = -1604*a - 673340. Determine q(-420).
340
Let b(t) = 9*t**3 + 484*t**2 - 3413*t - 15. Determine b(7).
2897
Let i(b) = 2*b**3 - 6*b**2 + 90*b + 838. Give i(-5).
-12
Let w(g) = -4*g - 910. Determine w(-80).
-590
Let d(w) = 125*w**2 + 12368*w - 191. Give d(-99).
502
Let l(z) = 142*z - 5339. Give l(42).
625
Let f(k) = k**3 + 101*k**2 - 221*k - 1533. Determine f(-103).
12
Let j(q) = -q**3 + 21*q**2 + 14*q - 694. Calculate j(20).
-14
Let h(v) = -4113*v + 514089. Determine h(125).
-36
Let g(y) = 3*y**3 + 151*y**2 - 2510. What is g(-50)?
-10
Let c(z) = -2*z**2 - 260*z - 7884. Calculate c(-37).
-1002
Let b(k) = 404359*k - 20217959. Calculate b(50).
-9
Let q(b) = -4*b**2 - 482*b - 334. Determine q(-117).
1304
Let j(k) = -k**3 + 3*k**2 + 45*k + 179. Determine j(10).
-71
Let g(k) = -3843*k - 126476. Determine g(-33).
343
Let b(x) = -161251*x - 6127540. What is b(-38)?
-2
Let g(z) = -z**3 + 15*z**2 - 12935*z + 207216. Calculate g(16).
0
Let x(q) = 50*q**2 + 443*q + 1126. Give x(-7).
475
Let o(t) = 3*t**3 - 411*t**2 - 413*t - 135. What is o(138)?
3
Let t(w) = -w**3 + 484*w**2 - 1092*w + 61692. Determine t(482).
-4
Let q(f) = 65*f**2 + 315*f + 6. Determine q(-7).
986
Let a(h) = h**2 - 780*h - 169384. Determine a(-177).
5
Let g(z) = -z**3 - 10*z**2 - 129*z - 2234. Determine g(-13).
-50
Let k(c) = -3*c**3 + 190*c**2 + 421*c - 6234. Determine k(65).
6
Let r(a) = -6*a**2 + 137264*a. Determine r(0).
0
Let l(m) = -m**3 - 971*m**2 - 2093*m - 1089307. Determine l(-970).
3
Let r(y) = y**3 - 8*y**2 - 1447*y + 92. Calculate r(-35).
-1938
Let p(q) = 176*q**2 + 805*q + 413. Determine p(-4).
9
Let p(b) = 2*b**3 - 190*b**2 + 260*b - 24704. Calculate p(95).
-4
Let d(y) = -15*y**3 - 34*y**2 - 29*y - 46. What is d(-2)?
-4
Let s(k) = 88*k**2 - 22526*k - 994. What is s(256)?
-482
Let t(x) = 4*x**2 + 3*x - 308. Determine t(15).
637
Let v(l) = -28*l**3 - 424*l**2 - 61*l - 67. Give v(-15).
-52
Let u(j) = j**3 - 53*j**2 - 21*j + 6278. Determine u(50).
-2272
Let s(f) = -2*f**3 - 77*f**2 - 13*f + 3386. Determine s(-37).
-240
Let s(z) = -3*z**2 + 36*z + 45. Give s(-6).
-279
Let r(h) = -153*h**2 + 49113*h + 10. Determine r(321).
10
Let k(z) = -4488*z + 2033058. What is k(453)?
-6
Let z(l) = 6403*l + 1479288. What is z(-231)?
195
Let p(m) = 54681*m + 765566. Determine p(-14).
32
Let l(h) = 5663*h - 107656. Calculate l(19).
-59
Let o(y) = 23404*y - 4142536. Calculate o(177).
-28
Let p(u) = -76*u**2 + 14661*u + 1348. Determine p(193).
-3
Let i(r) = 2*r**2 + 96*r - 302. Give i(-45).
-572
Let t(l) = -l**3 - 17292*l**2 + 988895*l - 104. Give t(57).
10
Let b(s) = -s**3 - s**2 + 7751*s - 53969. Calculate b(7).
-104
Let i(k) = k**2 + 73*k - 2267. What is i(-95)?
-177
Let b(g) = 11*g**3 + 103*g**2 + g + 153. Give b(0).
153
Let r(u) = -262*u + 18776. Give r(71).
174
Let g(a) = -a**3 + 12*a**2 + 269*a - 3228. What is g(12)?
0
Let k(x) = -x**3 + 13*x**2 + 892*x - 6472. Determine k(7).
66
Let g(a) = 18*a**3 - 613*a**2 + 25*a + 179. What is g(34)?
-127
Let n(v) = -29*v**2 + 573*v - 2366. What is n(14)?
-28
Let z(s) = -132234*s + 6743927. Give z(51).
-7
Let s(z) = -z**2 + 9835*z + 773113. Calculate s(-78).
-101
Let w(a) = 4*a**2 - 365*a + 2577. What is w(86)?
771
Let i(q) = 345734*q + 1728668. What is i(-5)?
-2
Let h(r) = -3*r**2 - 364*r + 886. What is h(-125)?
-489
Let q(s) = -5*s**2 - 1221*s - 72350. What is q(-143)?
8
Let o(m) = 30*m**2 + 270*m - 29. Calculate o(-9).
-29
Let k(s) = -17*s**3 + 1740*s**2 + 3452*s - 55. Determine k(-2).
137
Let w(k) = -427*k**3 + 1288*k**2 + 19*k - 114. What is w(3)?
6
Let u(h) = 113*h**3 - 416*h**2 + 3*h + 7. What is u(5)?
3747
Let i(q) = 4*q**3 - 35*q**2 - 86*q + 744. Calculate i(9).
51
Let z(k) = -377*k + 16275. Calculate z(42).
441
Let c(u) = 17869*u + 1268730. Determine c(-71).
31
Let h(f) = -3*f**2 + 540*f + 8784. Determine h(195).
9
Let l(f) = -1283*f - 38479. Determine l(-30).
11
Let n(i) = i**2 - 40*i + 399. What is n(15)?
24
Let t(u) = 509*u**2 + 36659*u + 796. Determine t(-72).
4
Let j(g) = g**2 - 5703*g + 141948. Determine j(25).
-2
Let n(m) = -m**3 + 96*m**2 + 25*m + 6837. What is n(97)?
-147
Let y(p) = 242666*p**2 + 1455995*p + 1. Give y(-6).
7
Let o(c) = -c**2 + 151*c + 9488. Give o(-47).
182
Let z(g) = g**2 + 10037*g + 2351276. Calculate z(-240).
-4
Let r(x) = -53*x**2 - 1011*x + 212. What is r(-16)?
2820
Let d(o) = -1561*o + 4829. What is d(3)?
146
Let o(a) = 5617*a - 168477. Determine o(30).
33
Let t(g) = -8*g**3 + 7*g**2 - 45*g + 419. Determine t(7).
-2297
Let u(i) = -i**2 - 8*i + 451. Determine u(-28).
-109
Let n(z) = -2*z**3 - 38*z**2 - 564*z - 10637. Give n(-19).
79
Let q(w) = -w**2 + 77*w + 93. Give q(84).
-495
Let o(a) = a**3 - 29*a**2 - 1367*a - 3466. What is o(55)?
-1
Let k(c) = 153*c - 755. Give k(5).
10
Let r(j) = 88894*j - 15912049. Give r(179).
-23
Let f(z) = -z**2 - 7292*z - 36458. Determine f(-5).
-23
Let d(g) = 57*g**2 + 45*g + 10. What is d(-1)?
22
Let j(y) = 56*y**2 - 293*y - 218. Calculate j(6).
40
Let k(j) = -494*j**2 + 1677*j + 1195. Calculate k(4).
-1
Let l(k) = -k**2 - 553*k - 4360. What is l(-8)?
0
Let x(p) = p**2 + 5242*p - 4093085. Calculate x(690).
-5
Let l(d) = -9*d**3 + 28*d - 5. What is l(3)?
-164
Let g(u) = 16*u**2 + 337*u - 660. Calculate g(2).
78
Let y(o) = -o**3 - 3*o**2 - 1711*o + 6893. Give y(4).
-63
Let y(s) = 94*s**3 - 2*s**2 + 13*s + 6. What is y(1)?
111
Let m(z) = -13*z**3 - z**2 + 4030*z + 4033. Give m(-1).
15
Let a(w) = 18*w**2 + 393*w + 131. What is a(0)?
131
Let w(k) = -18*k**3 + 49*k**2 + 20*k - 8. Determine w(3).
7
Let v(u) = -u**3 - 3599*u**2 - 7195*u + 13. What is v(-2)?
15
Let a(p) = -p**3 + 65*p**2 - 56*p + 44. Calculate a(64).
556
Let f(m) = 804*m - 2003. Determine f(3).
409
Let k(l) = 537*l - 13133. Give k(24).
-245
Let q(a) = -44825*a + 268972. Calculate q(6).
22
Let m(k) = 2*k**3 + 4*k**2 - 4201*k + 8385. Calculate m(2).
15
Let q(z) = -z**3 + 423*z**2 + 5257*z - 16100. What is q(435)?
-5
Let c(k) = 2*k**3 - 60*k**2 + 453*k + 26. What is c(16)?
106
Let i(z) = z**3 + 18*z**2 - 2264*z - 126.